er?
False
Is 47182202779 prime?
True
Is 26541862401 a composite number?
True
Is 50796430507 prime?
False
Is 117234067 a composite number?
False
Is 65541396023 a prime number?
True
Is 66826011387 a prime number?
False
Is 4462962769 composite?
False
Is 37607856161 composite?
True
Is 4608076183 composite?
True
Is 1112955659 a composite number?
False
Is 8259680937 a prime number?
False
Is 2234736607 a composite number?
True
Is 14910743 composite?
True
Is 8570303 composite?
True
Is 4509283943 a composite number?
True
Is 19466478997 a prime number?
False
Is 1497952169 a composite number?
True
Is 1773260969 a composite number?
True
Is 3064859062 a prime number?
False
Is 1922527913 composite?
False
Is 8664009821 composite?
False
Is 1305815551 a prime number?
True
Is 475745156317 prime?
True
Is 7532362837 a composite number?
False
Is 14322443 a prime number?
True
Is 627781721 prime?
False
Is 1059785885 a composite number?
True
Is 45547225055 prime?
False
Is 8188006019 composite?
False
Is 195318096223 a composite number?
True
Is 38050450441 composite?
False
Is 24268375801 prime?
True
Is 101917957721 a prime number?
False
Is 2460100091 prime?
True
Is 3722298031 composite?
False
Is 523865723 composite?
False
Is 13944504419 a prime number?
True
Is 1491216281 a composite number?
True
Is 868165747 a composite number?
True
Is 4283942419 composite?
True
Is 118984103851 a composite number?
False
Is 3932668301 a composite number?
False
Is 506267233 prime?
False
Is 111546824281 prime?
True
Is 1565417155 prime?
False
Is 11250895481 a prime number?
False
Is 64384283 composite?
True
Is 1604629093 composite?
False
Is 18326669 composite?
True
Is 25056369803 composite?
False
Is 2746036561 a prime number?
True
Is 198235391 composite?
False
Is 537010311 prime?
False
Is 564095239 a composite number?
False
Is 6222217451 a prime number?
False
Is 137618671 a composite number?
True
Is 1465406123 a prime number?
False
Is 17055975731 composite?
True
Is 3956599763 a prime number?
False
Is 51959398577 prime?
False
Is 684317302 prime?
False
Is 310957741 prime?
False
Is 1480054699 a composite number?
True
Is 33395640997 prime?
False
Is 331888567 a composite number?
True
Is 7924085803 a prime number?
False
Is 836563529 a prime number?
True
Is 45449606581 a prime number?
False
Is 271077277 a composite number?
False
Is 7447143149 a prime number?
True
Is 42037403 composite?
False
Is 521318203961 a composite number?
False
Is 57887359 a prime number?
True
Is 12124907539 a prime number?
False
Is 40662947647 composite?
True
Is 14972112751 composite?
False
Is 71207856197 a composite number?
False
Is 2290302659 a composite number?
True
Is 9517450759 a composite number?
True
Is 169582873767 a prime number?
False
Is 441887357 a composite number?
False
Is 793388221 composite?
True
Is 3329499937 composite?
False
Is 4421944151 prime?
True
Is 1427529161 a prime number?
True
Is 13528576249 a prime number?
True
Is 1590802099 prime?
True
Is 43400359 a prime number?
False
Is 5154566927 a composite number?
False
Is 3227847719 a prime number?
False
Is 108800441039 a composite number?
False
Is 30610794761 a prime number?
True
Is 1772995519 a prime number?
True
Is 130976935709 composite?
False
Is 2539587361 a prime number?
False
Is 504965519 composite?
False
Is 17484048869 composite?
True
Is 2729633 a composite number?
False
Is 1705156907 composite?
False
Is 1181550959 prime?
True
Is 130363791473 prime?
True
Is 567735966563 prime?
True
Is 416882567 composite?
True
Is 86592431 composite?
True
Is 287145847 a composite number?
True
Is 2416424135 composite?
True
Is 15852183629 a composite number?
True
Is 5540918561 a composite number?
False
Is 2967746489 a composite number?
False
Is 41282722389 a prime number?
False
Is 2402164087 a composite number?
True
Is 10471963001 prime?
True
Is 21311438419 a composite number?
False
Is 3565767995 a composite number?
True
Is 85785431 a composite number?
True
Is 3878181169 composite?
True
Is 9478163309 prime?
False
Is 785794505 composite?
True
Is 92758857709 a composite number?
True
Is 484759213 a composite number?
False
Is 849614567 a composite number?
False
Is 2975689931 composite?
True
Is 9318664049 composite?
True
Is 15763711319 composite?
True
Is 652869671 prime?
True
Is 3753681863 a prime number?
True
Is 17813318489 a prime number?
True
Is 580525909 a prime number?
True
Is 2160282643 composite?
False
Is 35711975077 a composite number?
False
Is 313985273 composite?
True
Is 64861129 a composite number?
True
Is 269490689 prime?
False
Is 2379670901 composite?
True
Is 445898659 a composite number?
True
Is 20304839 composite?
False
Is 5607594469 prime?
False
Is 54387469 a prime number?
False
Is 957151567 composite?
True
Is 3051115226 a prime number?
False
Is 12434656289 a composite number?
True
Is 15278198147 composite?
False
Is 13131558327 a composite number?
True
Is 2667203813 a composite number?
False
Is 4751253469 prime?
False
Is 9900850039 a composite number?
False
Is 24340614421 prime?
True
Is 1522691831 composite?
True
Is 19508682191 a composite number?
True
Is 744038747 composite?
False
Is 16059851 prime?
False
Is 9006533 composite?
True
Is 24547618819 a composite number?
False
Is 73213874837 prime?
True
Is 23873807 a composite number?
True
Is 68194969 a composite number?
True
Is 26214294923 composite?
False
Is 15752872613 prime?
True
Is 8949233101 a composite number?
False
Is 169213230619 composite?
False
Is 7362976507 composite?
True
Is 224483837 a prime number?
True
Is 10940372459 prime?
True
Is 70885162849 a composite number?
False
Is 207086452783 a prime number?
False
Is 179212146679 a composite number?
False
Is 48160596157 a composite number?
False
Is 5584703203 a composite number?
True
Is 195821664587 prime?
True
Is 1992751757 a composite number?
False
Is 714843091 a composite number?
False
Is 4215222191 prime?
True
Is 1659971891 composite?
False
Is 74032801 composite?
True
Is 3459269189 composite?
True
Is 1098252299 prime?
True
Is 6140123897 prime?
False
Is 2239902877 a prime number?
False
Is 44130710963 a composite number?
False
Is 764129999 composite?
True
Is 276103343 prime?
False
Is 2408293369 a prime number?
True
Is 71112377879 a composite number?
True
Is 2170276993 composite?
False
Is 28734499 a composite number?
False
Is 61309382867 a prime number?
False
Is 213816311249 prime?
False
Is 352668377 a composite number?
True
Is 120403177 composite?
True
Is 40549027747 a prime number?
True
Is 344062819 prime?
False
Is 31603623361 a composite number?
True
Is 637101487 a composite number?
True
Is 17866101467 a composite number?
False
Is 26572716773 a prime number?
False
Is 592058399 a prime number?
True
Is 54115102241 a prime number?
False
Is 1682317687 a composite number?
False
Is 143156717 prime?
False
Is 933676621 composite?
True
Is 9126126899 prime?
False
Is 932356861 prime?
True
Is 5757053629 prime?
True
Is 1901076041 a prime number?
False
Is 70066373707 composite?
True
Is 198585388853 a prime number?
True
Is 149903889887 a prime number?
True
Is 7789658801 composite?
False
Is 417843031 composite?
True
Is 416981057 a prime number?
True
Is 1171338419 a composite number?
True
Is 5241894907 a composite number?
False
Is 26624649487 a prime number?
False
Is 47685866327 a prime number?
False
Is 448283155 a prime number?
False
Is 243682927 composite?
False
Is 1056182873 prime?
False
Is 6482720897 prime?
False
Is 16843708799 composite?
True
Is 131542089271 a composite number?
False
Is 102790987757 prime?
True
Is 178007027 prime?
False
Is 215617037133 prime?
False
Is 245098229 composite?
False
Is 4445195981 a composite number?
False
Is 757079821 a prime number?
True
Is 26012203577 a prime number?
False
Is 533101771 a composite number?
True
Is 20185342117 a prime number?
True
Is 286073449 prime?
True
Is 3778742977 prime?
True
Is 352493347 a prime number?
False
Is 86626469 a prime number?
False
Is 403285301 a prime number?
True
Is 1115951791 a prime number?
False
Is 2889698249 a prime number?
True
Is 95394111 a composite number?
True
Is 43519613 a prime number?
True
Is 517820411 a composite number?
False
Is 1414675769 a prime number?
False
Is 6346007527 a composite number?
False
Is 8771401 composite?
False
Is 142061987 a prime number?
False
Is 5370966943 compo